n factor of 336 and b?
42
Let t = -11 - -14. Let o be (-4 + t + -4)*-20. Calculate the greatest common factor of o and 25.
25
Suppose 522*c - 748 = 511*c. Calculate the greatest common factor of 28 and c.
4
Let l = 21 - 5. Let i be (12/l)/((-1)/(-128)). Let n be 2/(-8) - (-637)/52. Calculate the greatest common divisor of n and i.
12
Suppose -5*z = 4*d - 71, 0*d + 2*z + 36 = 3*d. Suppose d*y - 252 = 10*y. Suppose t = -2*t + y. Calculate the highest common divisor of 168 and t.
21
Suppose 51 - 17 = 2*o. Suppose 2*m - 44 - 96 = -4*v, -3*v + 110 = 4*m. What is the greatest common divisor of v and o?
17
Let w(s) = s**3 - 3*s**2 + 2*s + 3. Let n be w(4). Suppose 5*j = -4*j + 2673. Calculate the highest common factor of j and n.
27
Let l(w) = -2*w**3 - 74*w**2 - 3*w + 105. Let z be l(-37). What is the highest common divisor of 48 and z?
24
Let q = -3 + 13. Let f be (-8850)/531*(-30)/2. Calculate the greatest common factor of q and f.
10
Suppose 0 = 4*u - 8*u + 4. Suppose 71*j - 55*j = 16. What is the greatest common divisor of j and u?
1
Let p = -82 - -85. Let t be -1*p/9 - (-84)/9. Calculate the greatest common factor of 6 and t.
3
Let u(m) = 5*m**2 - 5*m - 4. Let p be u(-2). Let g be (-24)/(-10) - (-12)/20. Suppose -2*k = g*k - 260. Calculate the highest common factor of k and p.
26
Let f be 4/(32/(-110))*-16. Let k(j) = -j**3 + 30*j**2 + 3*j - 68. Let s be k(30). Calculate the highest common divisor of f and s.
22
Suppose b + 186 - 198 = 0. What is the highest common factor of b and 588?
12
Let s = -19 + 175. Calculate the highest common divisor of s and 39.
39
Suppose 95 = 3*p + 2*k - 20, -3*p + 3*k = -90. Calculate the highest common factor of 350 and p.
35
Let z = 1341 + -1286. Let k = -9 + 20. What is the greatest common divisor of z and k?
11
Let v = -361 + 379. What is the highest common divisor of v and 10?
2
Suppose -16*g = -14*g. Suppose -3*v + 25 + 2 = g. What is the greatest common factor of v and 81?
9
Let p(f) = 4 - 9 + 10 - f**2 - 4*f. Let b be p(-4). Let t be (44 + 2/2)*1. Calculate the greatest common divisor of b and t.
5
Let y(j) = j**2 + 4*j - 1. Let s be y(-2). Let r be 30/6*(-6)/s. Calculate the greatest common factor of r and 18.
6
Suppose 3*k + 3*t = 150, -5*k - 79 = 4*t - 332. What is the greatest common divisor of 371 and k?
53
Suppose -60 = 3*m - 5*m - 2*z, 5*m = -z + 150. Let b(p) = -119*p + 1. Let q be b(-1). Calculate the greatest common divisor of m and q.
30
Let o be 3/9 - 2*(-32)/24. What is the highest common divisor of 11 and o?
1
Let w(x) = x. Let k(p) = -40*p + 5. Let i(l) = -k(l) - w(l). Suppose 2*g = -4, n - 4 - 1 = g. Let b be i(n). What is the highest common divisor of 16 and b?
16
Suppose -8*p = -5*p. Let j = 6 + p. Let n = 12 - j. Calculate the greatest common divisor of n and 15.
3
Let n(w) = 3*w**2 - 9*w. Let p be n(9). Suppose -p = -b - b. What is the greatest common divisor of b and 9?
9
Suppose 115*y - 47*y = 62832. Calculate the greatest common divisor of 99 and y.
33
Let a = -333 + 795. What is the highest common factor of 22 and a?
22
Suppose 12*x + 31 = 211. What is the greatest common divisor of x and 10?
5
Let k = 1806 - 1458. What is the greatest common factor of k and 87?
87
Suppose -n + 45 + 15 = 0. Calculate the highest common factor of n and 5.
5
Let b be (-9)/(-6)*(6 - 290/(-15)). Calculate the highest common factor of 57 and b.
19
Let m = 1 - -5. Suppose 2*g = -0*g + m. What is the greatest common divisor of 27 and g?
3
Suppose 0 = 36*o - 40*o + 64. Let t = 14 + 34. What is the highest common divisor of t and o?
16
Suppose 5*y - 8947 = -5*w - 182, -3521 = -2*w - 5*y. What is the highest common divisor of w and 23?
23
Let b = 1287 - 1263. What is the greatest common divisor of b and 120?
24
Let s(b) = -3*b + 6*b + 3*b + 5*b + 5. Let v be s(5). Let a = 1 + 11. What is the greatest common divisor of v and a?
12
Let d = -120 + 125. Suppose -280 = -d*a - 5*y, 5*a + 110 - 366 = y. Calculate the greatest common divisor of a and 130.
26
Suppose 0 = -d - i + 402, 2*d - 832 = -8*i + 13*i. Calculate the highest common divisor of d and 28.
14
Suppose -22 = -3*d + 50. Calculate the highest common divisor of d and 54.
6
Suppose -y = 3*y - 16. Let b = y - 0. Let t(a) = -a**3 - 8*a**2 - 15*a + 18. Let c be t(-6). Calculate the highest common factor of c and b.
4
Let b(v) = 7*v + 25. Let t be b(-3). Let k be (1 - 0) + 7 + -3. Let z be k/(-2)*(-12)/15. What is the highest common factor of t and z?
2
Let b be (-6740)/(11/((-77)/14)). Calculate the greatest common factor of 10 and b.
10
Suppose -5*j - 48 = -3*j + 2*h, 2*h = 4*j + 78. Let d = j + 22. Calculate the greatest common divisor of 11 and d.
1
Let m = -198 + 378. What is the highest common divisor of 36 and m?
36
Let q(c) be the first derivative of 10 - 6*c + 1/3*c**3 - 7/2*c**2. Let b be q(10). Calculate the highest common factor of 96 and b.
24
Let q be ((-2)/3)/((-3)/18). Suppose q*n + v - 3 = -0*v, -5*v - 33 = -4*n. Let a(m) = -7*m. Let p be a(-2). What is the highest common divisor of n and p?
2
Suppose -3*h + 388 = -h. Suppose -h = -5*y + 741. What is the highest common divisor of y and 17?
17
Suppose 0 = 5*z - 4*l - 292, -2*l + 215 = 4*z + l. What is the greatest common divisor of 98 and z?
14
Let f(g) = -1391*g**3 - g**2 + 2. Let w be f(-1). Calculate the greatest common factor of 48 and w.
48
Suppose 4*x - j + 0*j = 12, -8 = 2*j. Let l = -2 + -1. Let n be x*(-188)/(-8) - l. Calculate the greatest common divisor of n and 5.
5
Suppose -8*w + 569 = -4631. What is the highest common divisor of w and 26?
26
Let r be ((-1)/1)/(3/(-123)). Suppose 5*g - r - 39 = 0. Suppose -x = 3*c - 60, 0 = c - 3*x + 2*x - g. Calculate the highest common divisor of c and 19.
19
Let u be (-1256)/(-40) + 4/(-10). Let z = 36 - u. Suppose 160 = -0*x + z*x. What is the highest common factor of 8 and x?
8
Let s(u) = u**3 - 4*u**2 - 2*u - 10. Let i be s(5). What is the greatest common factor of 95 and i?
5
Suppose -121 + 772 = 3*r. What is the highest common divisor of r and 14?
7
Suppose -3*g + 2623 = 4*s, g - 4*g + 2615 = 2*s. Calculate the highest common factor of g and 33.
11
Let c be (-3)/(-4 - -13)*-48. Let f = c - 12. Suppose 0 = -f*d - b + 111, -4*d + 3*b = b - 102. What is the highest common factor of 18 and d?
9
Let m(q) = 6*q**2 - q - 2. Let j be m(4). Suppose -x = 21 - 5. Let b = x + 26. What is the greatest common divisor of j and b?
10
Suppose -10*y - 24 = -74. Calculate the highest common factor of 40 and y.
5
Let c be ((-23)/4)/(1/(-8)). Suppose -o + c = o. Suppose -2*l = -k - 305 - 195, 0 = 3*l - 3*k - 741. Calculate the greatest common factor of o and l.
23
Suppose 3*q - 12 = -q. Let z = -2 + q. Suppose -4*w + z = -11. What is the greatest common divisor of 1 and w?
1
Let o(t) = t - 2. Let u be o(-7). Let v be (u/2)/(6/(-36)). Calculate the greatest common factor of v and 27.
27
Let f(r) = -2*r**3 - r**2 + 5*r + 3. Let l be f(-2). Suppose 4*y - 33 = l*m, 2*y - m - 11 = -y. Calculate the highest common divisor of 26 and y.
2
Let f(n) = 4*n - 27. Let t be f(12). Let z = -2 + t. What is the highest common divisor of 76 and z?
19
Suppose -243 + 90 = -5*w - k, -3*w = -5*k - 75. Let y = -8 - -23. Suppose -3*i + 21 = -y. What is the highest common divisor of w and i?
6
Suppose 2*t - 87 = -3*x, x - 1 = 4. Suppose t = -3*a + 696. Suppose z = 3*z - a. What is the greatest common divisor of 10 and z?
10
Suppose 28*o - 40*o = -3864. Calculate the highest common divisor of 14 and o.
14
Suppose g = 2*g + 3*b - 410, -b + 2050 = 5*g. What is the greatest common factor of g and 10?
10
Suppose q - 4*v + 44 = -175, 3*v = -6. Let w be q/(-6) - 6/(-36). Let m(j) = 2*j**2 + 8*j - 5. Let b be m(-6). What is the highest common factor of w and b?
19
Let f be ((-76)/95)/(1/(-150)). What is the highest common divisor of 24 and f?
24
Suppose -84 = -2*k + 114. Let o(m) = 89 - 71 + m + k. Let l be o(0). What is the highest common factor of 13 and l?
13
Suppose -43*l - 42 = -49*l. Calculate the greatest common factor of 91 and l.
7
Suppose 2*q - 3 = 3*i + 15, -2*i = q - 9. Let j be 246/q - (-3)/(-9). Let o = -23 + 41. What is the greatest common divisor of j and o?
9
Let m = -17 - -25. Suppose -2*p - 5*s = 7, -27*s = 5*p - 25*s - 14. What is the highest common factor of p and m?